{"id":30,"date":"2025-08-26T16:20:05","date_gmt":"2025-08-26T07:20:05","guid":{"rendered":"https:\/\/fukuyama.sofuen.ne.jp\/?page_id=30"},"modified":"2025-09-20T15:37:25","modified_gmt":"2025-09-20T06:37:25","slug":"contact","status":"publish","type":"page","link":"https:\/\/akasakasofuen.com\/?page_id=30","title":{"rendered":"\u304a\u554f\u3044\u5408\u308f\u305b"},"content":{"rendered":"\n<div class=\"swell-block-fullWide pc-py-0 sp-py-0 alignfull\"><div class=\"swell-block-fullWide__inner l-article\">\n<figure class=\"wp-block-image alignwide size-large u-mb-ctrl u-mb-30\"><img decoding=\"async\" width=\"1024\" height=\"15\" src=\"http:\/\/fukuyama.sofuen.ne.jp\/wp-content\/uploads\/2025\/08\/\u5883\u754c\u7528\u7af9border-scaled-e1755495282223-1024x15.png\" alt=\"\u5883\u754c\u7528\" class=\"wp-image-68\" srcset=\"https:\/\/akasakasofuen.com\/wp-content\/uploads\/2025\/08\/\u5883\u754c\u7528\u7af9border-scaled-e1755495282223-1024x15.png 1024w, https:\/\/akasakasofuen.com\/wp-content\/uploads\/2025\/08\/\u5883\u754c\u7528\u7af9border-scaled-e1755495282223-300x4.png 300w, https:\/\/akasakasofuen.com\/wp-content\/uploads\/2025\/08\/\u5883\u754c\u7528\u7af9border-scaled-e1755495282223-768x11.png 768w, https:\/\/akasakasofuen.com\/wp-content\/uploads\/2025\/08\/\u5883\u754c\u7528\u7af9border-scaled-e1755495282223-1536x23.png 1536w, https:\/\/akasakasofuen.com\/wp-content\/uploads\/2025\/08\/\u5883\u754c\u7528\u7af9border-scaled-e1755495282223-2048x30.png 2048w\" sizes=\"(max-width: 1024px) 100vw, 1024px\" \/><\/figure>\n<\/div><\/div>\n\n\n\n<div class=\"swell-block-capbox cap_box u-mb-ctrl u-mb-30\"><div class=\"cap_box_ttl\"><span><span class=\"swl-fz u-fz-l\"><strong>\u3069\u3093\u306a\u3053\u3068\u3067\u3082\u304a\u6c17\u8efd\u306b\u3069\u3046\u305e<\/strong><\/span><\/span><\/div><div class=\"cap_box_content\">\n<p>\u304a\u898b\u7a4d\u308a\u3001\u304a\u554f\u3044\u5408\u308f\u305b\u306f\u4e0b\u8a18\u304a\u554f\u3044\u5408\u308f\u305b\u30d5\u30a9\u30fc\u30e0\u306b\u5fc5\u8981\u4e8b\u9805\u3092\u3054\u5165\u529b\u306e\u4e0a\u3001\u9001\u4fe1\u3057\u3066\u304f\u3060\u3055\u3044\u3002<br><br>\u203b\u55b6\u696d\u30e1\u30fc\u30eb\u306f\u3001\u4e00\u5207\u53d7\u3051\u4ed8\u3051\u3066\u304a\u308a\u307e\u305b\u3093\u3002<\/p>\n<\/div><\/div>\n\n\n\n<div class=\"swell-block-capbox cap_box is-style-shadow u-mb-ctrl u-mb-30\"><div class=\"cap_box_ttl\"><span><span class=\"swl-fz u-fz-l\"><strong>\u304a\u554f\u3044\u5408\u308f\u305b<\/strong><\/span><\/span><\/div><div class=\"cap_box_content\">\n<div class=\"wpcf7 no-js\" id=\"wpcf7-f430-o1\" lang=\"ja\" dir=\"ltr\" data-wpcf7-id=\"430\">\n<div class=\"screen-reader-response\"><p role=\"status\" aria-live=\"polite\" aria-atomic=\"true\"><\/p> <ul><\/ul><\/div>\n<form action=\"\/index.php?rest_route=%2Fwp%2Fv2%2Fpages%2F30#wpcf7-f430-o1\" method=\"post\" class=\"wpcf7-form init\" aria-label=\"\u30b3\u30f3\u30bf\u30af\u30c8\u30d5\u30a9\u30fc\u30e0\" novalidate=\"novalidate\" data-status=\"init\">\n<fieldset class=\"hidden-fields-container\"><input type=\"hidden\" name=\"_wpcf7\" value=\"430\" \/><input type=\"hidden\" name=\"_wpcf7_version\" value=\"6.1.5\" \/><input type=\"hidden\" name=\"_wpcf7_locale\" value=\"ja\" \/><input type=\"hidden\" name=\"_wpcf7_unit_tag\" value=\"wpcf7-f430-o1\" \/><input type=\"hidden\" name=\"_wpcf7_container_post\" value=\"0\" \/><input type=\"hidden\" name=\"_wpcf7_posted_data_hash\" value=\"\" \/>\n<\/fieldset>\n<table class=\"CF7_table\">\n\t<tr>\n\t\t<th>\n\t\t\t<p><span class=\"CF7_req\">\u5fc5\u9808<\/span> \u3054\u76f8\u8ac7\u5185\u5bb9\n\t\t\t<\/p>\n\t\t<\/th>\n\t\t<td>\n\t\t\t<p><span class=\"wpcf7-form-control-wrap\" data-name=\"checkbox-inq\"><span class=\"wpcf7-form-control wpcf7-checkbox wpcf7-validates-as-required\"><span class=\"wpcf7-list-item first\"><input type=\"checkbox\" name=\"checkbox-inq[]\" value=\"\u3054\u76f8\u8ac7\" \/><span class=\"wpcf7-list-item-label\">\u3054\u76f8\u8ac7<\/span><\/span><span class=\"wpcf7-list-item\"><input type=\"checkbox\" name=\"checkbox-inq[]\" value=\"\u304a\u898b\u7a4d\u3082\u308a\" \/><span class=\"wpcf7-list-item-label\">\u304a\u898b\u7a4d\u3082\u308a<\/span><\/span><span class=\"wpcf7-list-item\"><input type=\"checkbox\" name=\"checkbox-inq[]\" value=\"\u304a\u554f\u3044\u5408\u308f\u305b\" \/><span class=\"wpcf7-list-item-label\">\u304a\u554f\u3044\u5408\u308f\u305b<\/span><\/span><span class=\"wpcf7-list-item last\"><input type=\"checkbox\" name=\"checkbox-inq[]\" value=\"\u305d\u306e\u4ed6\" \/><span class=\"wpcf7-list-item-label\">\u305d\u306e\u4ed6<\/span><\/span><\/span><\/span>\n\t\t\t<\/p>\n\t\t<\/td>\n\t<\/tr>\n\t<tr>\n\t\t<th>\n\t\t\t<p><span class=\"CF7_req\">\u5fc5\u9808<\/span> \u304a\u540d\u524d\n\t\t\t<\/p>\n\t\t<\/th>\n\t\t<td>\n\t\t\t<p><span class=\"wpcf7-form-control-wrap\" data-name=\"your-name\"><input size=\"40\" maxlength=\"400\" class=\"wpcf7-form-control wpcf7-text wpcf7-validates-as-required\" aria-required=\"true\" aria-invalid=\"false\" placeholder=\"\u4f8b\uff1a\u3042\u306a\u305f\u306e\u304a\u540d\u524d\" value=\"\" type=\"text\" name=\"your-name\" \/><\/span>\n\t\t\t<\/p>\n\t\t<\/td>\n\t<\/tr>\n\t<tr>\n\t\t<th>\n\t\t\t<p><span class=\"CF7_req\">\u5fc5\u9808<\/span> \u30e1\u30fc\u30eb\u30a2\u30c9\u30ec\u30b9\n\t\t\t<\/p>\n\t\t<\/th>\n\t\t<td>\n\t\t\t<p><span class=\"wpcf7-form-control-wrap\" data-name=\"your-email\"><input size=\"40\" maxlength=\"400\" class=\"wpcf7-form-control wpcf7-email wpcf7-validates-as-required wpcf7-text wpcf7-validates-as-email\" aria-required=\"true\" aria-invalid=\"false\" placeholder=\"\u4f8b\uff1a\u00d7\u00d7\u00d7@\u00d7\u00d7\u00d7.com\" value=\"\" type=\"email\" name=\"your-email\" \/><\/span>\n\t\t\t<\/p>\n\t\t<\/td>\n\t<\/tr>\n\t<tr>\n\t\t<th>\n\t\t\t<p><span class=\"CF7_req\">\u5fc5\u9808<\/span>\u90fd\u9053\u5e9c\u770c\n\t\t\t<\/p>\n\t\t<\/th>\n\t\t<td>\n\t\t\t<p><span class=\"wpcf7-form-control-wrap\" data-name=\"pref\"><input size=\"40\" maxlength=\"400\" class=\"wpcf7-form-control wpcf7-text wpcf7-validates-as-required\" id=\"pref\" aria-required=\"true\" aria-invalid=\"false\" placeholder=\"\u4f8b\uff1a\u5e83\u5cf6\u770c\" value=\"\" type=\"text\" name=\"pref\" \/><\/span>\n\t\t\t<\/p>\n\t\t<\/td>\n\t<\/tr>\n\t<tr>\n\t\t<th>\n\t\t\t<p><span class=\"CF7_unreq\">\u4efb\u610f<\/span>\u304a\u96fb\u8a71\u756a\u53f7\n\t\t\t<\/p>\n\t\t<\/th>\n\t\t<td>\n\t\t\t<p><span class=\"wpcf7-form-control-wrap\" data-name=\"your-tel\"><input size=\"40\" maxlength=\"400\" class=\"wpcf7-form-control wpcf7-text\" aria-invalid=\"false\" placeholder=\"\u4f8b\uff1a084-951-4988\" value=\"\" type=\"text\" name=\"your-tel\" \/><\/span>\n\t\t\t<\/p>\n\t\t<\/td>\n\t<\/tr>\n\t<tr>\n\t\t<th>\n\t\t\t<p><span class=\"CF7_req\">\u5fc5\u9808<\/span>\u30e1\u30c3\u30bb\u30fc\u30b8\u672c\u6587\n\t\t\t<\/p>\n\t\t<\/th>\n\t\t<td class=\"message-100\">\n\t\t\t<p><span class=\"wpcf7-form-control-wrap\" data-name=\"your-message\"><textarea cols=\"40\" rows=\"10\" maxlength=\"2000\" class=\"wpcf7-form-control wpcf7-textarea wpcf7-validates-as-required\" aria-required=\"true\" aria-invalid=\"false\" placeholder=\"\u304a\u554f\u3044\u5408\u308f\u305b\u5185\u5bb9\u3092\u3054\u8a18\u5165\u304f\u3060\u3055\u3044\" name=\"your-message\"><\/textarea><\/span>\n\t\t\t<\/p>\n\t\t<\/td>\n\t<\/tr>\n<\/table>\n<p class=\"CF7_btn\"><input class=\"wpcf7-form-control wpcf7-submit has-spinner\" type=\"submit\" value=\"\u9001\u4fe1\u3059\u308b\" \/>\n<\/p><p style=\"display: none !important;\" class=\"akismet-fields-container\" data-prefix=\"_wpcf7_ak_\"><label>&#916;<textarea name=\"_wpcf7_ak_hp_textarea\" cols=\"45\" rows=\"8\" maxlength=\"100\"><\/textarea><\/label><input type=\"hidden\" id=\"ak_js_1\" name=\"_wpcf7_ak_js\" value=\"191\"\/><script>document.getElementById( \"ak_js_1\" ).setAttribute( \"value\", ( new Date() ).getTime() );<\/script><\/p><div class=\"wpcf7-response-output\" aria-hidden=\"true\"><\/div>\n<\/form>\n<\/div>\n\n<\/div><\/div>\n\n\n\n<div class=\"swell-block-capbox cap_box\"><div class=\"cap_box_ttl\"><span>\u30d7\u30e9\u30a4\u30d0\u30b7\u30fc\u30dd\u30ea\u30b7\u30fc<\/span><\/div><div class=\"cap_box_content\">\n<p><span style=\"font-size:15px\" class=\"swl-fz\">\u304a\u5ba2\u69d8\u500b\u4eba\u306b\u95a2\u3059\u308b\u60c5\u5831\uff08\u4ee5\u4e0b\u300c\u500b\u4eba\u60c5\u5831\u300d\u3068\u3044\u3044\u307e\u3059\u3002\uff09\u3092\u9069\u5207\u306b\u4fdd\u8b77\u3059\u308b\u3053\u3068\u3092\u793e\u4f1a\u7684\u8cac\u52d9\u3068\u8003\u3048\u3001\u4e0b\u8a18\u306e\u65b9\u91dd\u306b\u57fa\u3065\u304d\u3001\u305d\u306e\u4fdd\u8b77\u3092\u5fb9\u5e95\u3057\u3066\u307e\u3044\u308a\u307e\u3059\u3002<br>1. \u304a\u5ba2\u69d8\u306e\u500b\u4eba\u60c5\u5831\u3092\u53d6\u5f97\u3055\u305b\u3066\u3044\u305f\u3060\u304f\u5834\u5408\u306f\u3001\u5229\u7528\u76ee\u7684\u3092\u3067\u304d\u308b\u9650\u308a\u7279\u5b9a\u3059\u308b\u3068\u3068\u3082\u306b\u3001\u9069\u6cd5\u304b\u3064\u516c\u6b63\u306a\u624b\u6bb5\u3067\u5fc5\u8981\u306a\u7bc4\u56f2\u306e\u500b\u4eba\u60c5\u5831\u3092\u53d6\u5f97\u3055\u305b\u3066\u3044\u305f\u3060\u304d\u307e\u3059\u3002<br>2. \u304a\u5ba2\u69d8\u304b\u3089\u304a\u9810\u304b\u308a\u3057\u305f\u500b\u4eba\u60c5\u5831\u306e\u5229\u7528\u76ee\u7684\u306f\u4ee5\u4e0b\u306e\u3068\u304a\u308a\u3067\u3059\u3002<br>\u3000\u25ce\u3054\u4e88\u7d04\u306e\u65e5\u6642\u3084\u3054\u4e88\u7d04\u5185\u5bb9\u7b49\u306e\u78ba\u8a8d<br><span style=\"font-size:15px\" class=\"swl-fz\">\u3000\u25ce<\/span>\u65b0\u7740\u60c5\u5831\u7b49\u306e\u767a\u4fe1\u3084\u5f53\u793e\u306e\u5e83\u544a\u30fb\u5ba3\u4f1d\u7b49<br><span style=\"font-size:15px\" class=\"swl-fz\">\u3000\u25ce<\/span>\u304a\u898b\u7a4d\u308a\u306b\u95a2\u3059\u308b\u5185\u5bb9\u306e\u78ba\u8a8d<br><span style=\"font-size:15px\" class=\"swl-fz\">\u3000\u25ce<\/span>\u304a\u898b\u7a4d\u308a\u306b\u5fc5\u8981\u306a\u60c5\u5831\u3092\u53ce\u96c6\u3059\u308b\u305f\u3081\u306e\u3054\u9023\u7d61<br><span style=\"font-size:15px\" class=\"swl-fz\">\u3000\u25ce<\/span>\u304a\u554f\u3044\u5408\u308f\u305b\u3078\u306e\u8fd4\u4e8b\u3001\u3054\u9023\u7d61\u7b49<br>3. \u304a\u5ba2\u69d8\u3088\u308a\u53d6\u5f97\u3055\u305b\u3066\u3044\u305f\u3060\u3044\u305f\u500b\u4eba\u60c5\u5831\u306f\u9069\u5207\u306b\u7ba1\u7406\u3057\u3001\u6cd5\u5f8b\u306b\u57fa\u3065\u304d\u5fc5\u8981\u3068\u5224\u65ad\u3055\u308c\u308b\u5834\u5408\u3092\u9664\u304d\u3001\u304a\u5ba2\u69d8\u306e\u540c\u610f\u3092\u5f97\u305f\u7b2c\u4e09\u8005\u4ee5\u5916\u3078\u306e\u63d0\u4f9b\u3001\u958b\u793a\u7b49\u4e00\u5207\u3044\u305f\u3057\u307e\u305b\u3093\u3002<br>4. \u304a\u5ba2\u69d8\u3088\u308a\u304a\u9810\u304b\u308a\u3057\u305f\u500b\u4eba\u60c5\u5831\u306e\u5b89\u5168\u7ba1\u7406\u306f\u5408\u7406\u7684\u3001\u7d44\u7e54\u7684\u3001\u7269\u7406\u7684\u3001\u6280\u8853\u7684\u65bd\u7b56\u3092\u8b1b\u3058\u308b\u3068\u3068\u3082\u306b\u3001\u95a2\u9023\u6cd5\u4ee4\u306b\u6e96\u3058\u305f\u9069\u5207\u306a\u53d6\u308a\u6271\u3044\u3092\u884c\u3046\u3053\u3068\u3067\u500b\u4eba\u60c5\u5831\u3078\u306e\u4e0d\u6b63\u306a\u4fb5\u5165\u3001\u7d1b\u5931\u3001\u6539\u3056\u3093\u3001\u6f0f\u3048\u3044\u7b49\u306e\u5371\u967a\u9632\u6b62\u306b\u52aa\u3081\u307e\u3059\u3002<br>5. \u500b\u4eba\u60c5\u5831\u306b\u3064\u3044\u3066\u3001\u958b\u793a\u30fb\u8a02\u6b63\u30fb\u5229\u7528\u505c\u6b62\u30fb\u524a\u9664\u306a\u3069\u306e\u8981\u6c42\u304c\u3042\u308b\u5834\u5408\u306b\u306f\u3001\u672c\u4eba\u304b\u3089\u306e\u8981\u6c42\u3067\u3042\u308b\u3053\u3068\u304c\u78ba\u8a8d\u3067\u304d\u305f\u5834\u5408\u306b\u9650\u308a\u3001\u6cd5\u4ee4\u306b\u5f93\u3063\u3066\u5bfe\u5fdc\u3057\u307e\u3059\u3002<\/span><\/p>\n<\/div><\/div>\n\n\n\n<figure class=\"wp-block-image alignwide size-large u-mb-ctrl u-mb-30\"><img decoding=\"async\" width=\"1024\" height=\"15\" src=\"http:\/\/fukuyama.sofuen.ne.jp\/wp-content\/uploads\/2025\/08\/\u5883\u754c\u7528\u7af9border-scaled-e1755495282223-1024x15.png\" alt=\"\u5883\u754c\u7528\" class=\"wp-image-68\" srcset=\"https:\/\/akasakasofuen.com\/wp-content\/uploads\/2025\/08\/\u5883\u754c\u7528\u7af9border-scaled-e1755495282223-1024x15.png 1024w, https:\/\/akasakasofuen.com\/wp-content\/uploads\/2025\/08\/\u5883\u754c\u7528\u7af9border-scaled-e1755495282223-300x4.png 300w, https:\/\/akasakasofuen.com\/wp-content\/uploads\/2025\/08\/\u5883\u754c\u7528\u7af9border-scaled-e1755495282223-768x11.png 768w, https:\/\/akasakasofuen.com\/wp-content\/uploads\/2025\/08\/\u5883\u754c\u7528\u7af9border-scaled-e1755495282223-1536x23.png 1536w, https:\/\/akasakasofuen.com\/wp-content\/uploads\/2025\/08\/\u5883\u754c\u7528\u7af9border-scaled-e1755495282223-2048x30.png 2048w\" sizes=\"(max-width: 1024px) 100vw, 1024px\" \/><\/figure>\n\n\n\n<div class=\"wp-block-cover alignwide u-mb-ctrl u-mb-40\" style=\"min-height:414px;aspect-ratio:unset;\"><img decoding=\"async\" width=\"1024\" height=\"768\" class=\"wp-block-cover__image-background wp-image-74\" alt=\"\u5ead\u5712\u6c60\u4ed8\" src=\"http:\/\/fukuyama.sofuen.ne.jp\/wp-content\/uploads\/2025\/08\/\u30b5\u30d6\u30e1\u30a4\u30f3\uff08\u4e0b\u90e8\u306e\uff09.jpg\" data-object-fit=\"cover\" srcset=\"https:\/\/akasakasofuen.com\/wp-content\/uploads\/2025\/08\/\u30b5\u30d6\u30e1\u30a4\u30f3\uff08\u4e0b\u90e8\u306e\uff09.jpg 1024w, https:\/\/akasakasofuen.com\/wp-content\/uploads\/2025\/08\/\u30b5\u30d6\u30e1\u30a4\u30f3\uff08\u4e0b\u90e8\u306e\uff09-300x225.jpg 300w, https:\/\/akasakasofuen.com\/wp-content\/uploads\/2025\/08\/\u30b5\u30d6\u30e1\u30a4\u30f3\uff08\u4e0b\u90e8\u306e\uff09-768x576.jpg 768w\" sizes=\"(max-width: 1024px) 100vw, 1024px\" \/><span aria-hidden=\"true\" class=\"wp-block-cover__background has-background-dim\"><\/span><div class=\"wp-block-cover__inner-container is-layout-flow wp-block-cover-is-layout-flow\">\n<p class=\"has-text-align-center u-mb-ctrl u-mb-0 has-large-font-size\"><span class=\"swl-inline-color has-white-color\">\u5e83\u5cf6\u770c\u798f\u5c71\u5e02\u3001\u5c3e\u9053\u5e02\u3001\u5e9c\u4e2d\u5e02\u30a8\u30ea\u30a2\u304c\u65bd\u5de5\u5bfe\u8c61\u30a8\u30ea\u30a2\u3068\u306a\u308a\u307e\u3059\u3002<\/span><\/p>\n\n\n\n<p class=\"has-text-align-center u-mb-ctrl u-mb-30\"><span class=\"swl-inline-color has-white-color\"><span class=\"swl-format-1\"><span class=\"swl-fz u-fz-l\">\u203b\u305d\u306e\u4ed6\u306e\u5730\u57df\u306b\u304a\u4f4f\u307e\u3044\u306e\u304a\u5ba2\u69d8\u3082\u304a\u6c17\u8efd\u306b\u3054\u76f8\u8ac7\u304f\u3060\u3055\u3044\u3002<\/span><\/span><\/span><\/p>\n\n\n\n<figure class=\"wp-block-image size-full is-resized u-mb-ctrl u-mb-10\"><img decoding=\"async\" width=\"909\" height=\"859\" src=\"http:\/\/fukuyama.sofuen.ne.jp\/wp-content\/uploads\/2025\/08\/\u5e83\u5cf6\u770c\u900f\u904e.png\" alt=\"\u5730\u56f3\u767d\" class=\"wp-image-70\" style=\"width:236px;height:auto\" srcset=\"https:\/\/akasakasofuen.com\/wp-content\/uploads\/2025\/08\/\u5e83\u5cf6\u770c\u900f\u904e.png 909w, https:\/\/akasakasofuen.com\/wp-content\/uploads\/2025\/08\/\u5e83\u5cf6\u770c\u900f\u904e-300x283.png 300w, https:\/\/akasakasofuen.com\/wp-content\/uploads\/2025\/08\/\u5e83\u5cf6\u770c\u900f\u904e-768x726.png 768w\" sizes=\"(max-width: 909px) 100vw, 909px\" \/><\/figure>\n\n\n\n<p class=\"has-text-align-center u-mb-ctrl u-mb-0 has-large-font-size\"><strong><span class=\"swl-fz u-fz-xl\">TEL\u30000 8 4 &#8211; 9 5 1 &#8211; 4 9 8 8<\/span><\/strong><\/p>\n\n\n\n<p class=\"has-text-align-center\"><span class=\"swl-fz u-fz-l\">\u55b6\u696d\u6642\u9593\u30008\uff1a00\uff5e17\uff1a00<\/span><\/p>\n<\/div><\/div>\n\n\n\n<iframe src=\"https:\/\/www.google.com\/maps\/embed?pb=!1m18!1m12!1m3!1d6578.821152034747!2d133.30282637399796!3d34.46710730880579!2m3!1f0!2f0!3f0!3m2!1i1024!2i768!4f13.1!3m3!1m2!1s0x355105330e571bcd%3A0x998b31b06cfedf6e!2z44CSNzIwLTA4NDMg5bqD5bO255yM56aP5bGx5biC6LWk5Z2C55S66LWk5Z2C77yZ77yZ77yU4oiS77yU!5e0!3m2!1sja!2sjp!4v1755500835804!5m2!1sja!2sjp\" width=\"600\" height=\"450\" style=\"border:0;\" allowfullscreen=\"\" loading=\"lazy\" referrerpolicy=\"no-referrer-when-downgrade\"><\/iframe>\n","protected":false},"excerpt":{"rendered":"","protected":false},"author":1,"featured_media":0,"parent":0,"menu_order":8,"comment_status":"closed","ping_status":"closed","template":"","meta":{"swell_btn_cv_data":"","footnotes":""},"class_list":["post-30","page","type-page","status-publish","hentry"],"_links":{"self":[{"href":"https:\/\/akasakasofuen.com\/index.php?rest_route=\/wp\/v2\/pages\/30","targetHints":{"allow":["GET"]}}],"collection":[{"href":"https:\/\/akasakasofuen.com\/index.php?rest_route=\/wp\/v2\/pages"}],"about":[{"href":"https:\/\/akasakasofuen.com\/index.php?rest_route=\/wp\/v2\/types\/page"}],"author":[{"embeddable":true,"href":"https:\/\/akasakasofuen.com\/index.php?rest_route=\/wp\/v2\/users\/1"}],"replies":[{"embeddable":true,"href":"https:\/\/akasakasofuen.com\/index.php?rest_route=%2Fwp%2Fv2%2Fcomments&post=30"}],"version-history":[{"count":30,"href":"https:\/\/akasakasofuen.com\/index.php?rest_route=\/wp\/v2\/pages\/30\/revisions"}],"predecessor-version":[{"id":374,"href":"https:\/\/akasakasofuen.com\/index.php?rest_route=\/wp\/v2\/pages\/30\/revisions\/374"}],"wp:attachment":[{"href":"https:\/\/akasakasofuen.com\/index.php?rest_route=%2Fwp%2Fv2%2Fmedia&parent=30"}],"curies":[{"name":"wp","href":"https:\/\/api.w.org\/{rel}","templated":true}]}}